 4*i - 40 = -n + 3, 38 = 3*i - 5*n. Let d(a) = 12*a**2 + 0*a**2 - 1 + i*a**2 + 3*a - 7*a. Is d(3) a prime number?
False
Let u = 28 + -26. Suppose -5*g - 3659 = -3*p - 7*g, u*g = -2*p + 2440. Is p a prime number?
False
Let i = -87 + 7. Let v = i + 183. Is v composite?
False
Suppose 0 = 5*r - 2*r - 57. Suppose -r*v + 13*v + 3012 = 0. Is v a composite number?
True
Suppose -7*n = -70 - 7. Suppose -n*t + 12205 + 5956 = 0. Is t a prime number?
False
Suppose -4*v = 5*h - 21665 - 13110, -5*v - 27861 = -4*h. Is h a composite number?
False
Suppose 16*j + 59515 = 21*j. Is j a prime number?
True
Suppose -15*q + 44310 = 6*g - 18*q, 0 = 4*q - 16. Is g a prime number?
False
Let r(n) = n**2 - 6*n + 10. Let l be r(6). Suppose -l*f = -5*f - 95. Is f prime?
True
Let g(v) = v**3 - 9*v**2 + 5*v + 1. Let d be g(8). Let l = 60 - d. Is l a composite number?
False
Let n = 1504 - 601. Let z = n + -614. Is z prime?
False
Let x(i) = -i**3 + 3*i**2 + 6*i - 16. Let o be x(7). Let l = 361 + o. Is l composite?
False
Let y(t) = -t**3 + 11*t**2 + 19*t - 25. Let r = 73 - 61. Is y(r) a composite number?
False
Let z(v) = v**2 + 8*v + 5. Suppose 0*t - 2*t + 32 = 0. Let k = -28 + t. Is z(k) a composite number?
False
Suppose -5*h + 2000 = -y, 2*h - 3*h + 386 = -3*y. Is h a prime number?
True
Suppose -2*n + 765 = 3*n. Let s be 1 + -2 - (1 + n). Let r = s - -234. Is r composite?
False
Is (2 - 3)*-3*1*2503 prime?
False
Suppose -5*s = -4*k + 604, -2*k + 217 = -3*s - 145. Let r be 2144/10 + 2/(-5). Let l = s + r. Is l a prime number?
False
Let y(k) = -k + 10. Let c be y(12). Let l be 5/c*(1 - 3). Suppose -5*o = 4*t - 59, 5*o = -t + l*t + 91. Is o composite?
True
Let v(n) = -77*n - 1 - 59*n + 7 - 5. Is v(-7) a prime number?
True
Let y(j) = 7 + 133*j**2 - 8*j**2 + 10*j - 2*j**2 + 6*j**2. Is y(4) a composite number?
False
Suppose 2*x - 4*w - 160449 = -3*x, 2*w = -3*x + 96287. Is x prime?
False
Let d(v) = v**3 - 6*v**2 + 7*v - 1. Let j be d(5). Suppose 305 = -j*u + 14*u. Suppose 2*w = 651 - u. Is w composite?
True
Let z(d) = -54*d - 3. Let i be z(2). Let w be (i/2)/((-17)/34). Suppose 0*u = -3*u + w. Is u a composite number?
False
Let w(d) = d - 1. Let v be w(1). Suppose v = 2*c - l - 1814, -2*c = 3*c - 5*l - 4535. Is c composite?
False
Is ((-9)/12)/((-24)/186784) a prime number?
False
Let c be 4 - (7 - 3) - 3. Is (c - (-22 + 2))*13 a prime number?
False
Let w(n) = -n**3 + n**2 + 14*n - 8. Let s be w(4). Suppose -9 = -5*g + 6. Suppose o + g*x + 8 - 115 = s, -x = -4*o + 454. Is o a composite number?
False
Let t(l) = l + 14. Let v be t(-11). Suppose 0 = v*o - 6*o - 2*b - 2, 3*o = 3*b + 18. Suppose -o*w + 6*w = 508. Is w a composite number?
False
Let a(o) be the second derivative of -o**5/20 + 5*o**4/3 + o**3/6 + 25*o**2/2 - 21*o. Is a(15) a prime number?
False
Suppose -u + 5773 = -k, -23091 = 46*u - 50*u + 5*k. Is u prime?
False
Let i = -17 - -21. Let u(k) = -i + 6*k**2 - 5*k**3 - 2*k**3 + 5*k - k**3. Is u(-3) prime?
True
Let b(k) = k**2 + k - 9. Let i be b(-10). Let t = -22 + i. Is t a composite number?
False
Let f(r) = 7*r**2 + r - 7 - 6 + 18. Is f(7) prime?
False
Let h(p) = -525*p - 463. Is h(-20) a composite number?
False
Let m = -296 - -2159. Suppose h = 2*n + m, 2*h + 7472 = 6*h + 2*n. Is h a prime number?
True
Let b(j) = -j**3 - 5*j**2 - 3*j + 8. Let f(n) = n - 5. Let l be f(5). Let z(p) = -p**2 - p - 7. Let h be z(l). Is b(h) prime?
True
Let j be (-1495)/(-10) - (-1)/2. Suppose 0*f - j = -6*f. Suppose -1316 = -29*w + f*w. Is w composite?
True
Let d be 6*(24/9)/4. Suppose -3*q - 181 - 394 = -d*w, 0 = 2*q + 10. Suppose w + 1 = z. Is z a composite number?
True
Let t(x) = -3*x**2 + 6*x - 6. Let s be t(-6). Let q be s/20*2/(-5). Suppose 4*i - 663 - 614 = -b, 952 = q*i - 5*b. Is i prime?
False
Let l(y) = 29*y + 148. Is l(19) a prime number?
False
Let q(b) = 2*b**3 + 19*b**2 - 15*b + 28. Let j(n) = n**3 + 9*n**2 - 7*n + 14. Let o(w) = -11*j(w) + 6*q(w). Is o(-11) a prime number?
True
Let s be (-139)/(-2) + 2/4. Suppose -3*r = -2*h + h + s, h - r = 70. Suppose y - 5*l - h = -2*l, 0 = -5*y - l + 334. Is y composite?
False
Is (-208714)/(-110) + (-1)/(15/6) a prime number?
False
Let p = -734 + -377. Let t = p - -2090. Is t a composite number?
True
Suppose j + 7*j - 3472 = 0. Suppose j = 3*i - 703. Is i prime?
True
Suppose 57 + 97 = -2*w. Let n = w + 744. Is n prime?
False
Suppose 603 - 13533 = 3*j. Let o = -7484 - j. Is o/(-8) - 2/(-8) a prime number?
True
Let k(g) = -18*g**3 + 4*g**2 + 3*g + 11*g**3 - 5*g**3 - 4. Is k(-3) a composite number?
False
Let i(w) = 3*w**3 + 8*w**2 - 5*w - 4. Let j(h) = 0*h**3 + 9 - 16*h**2 - 6*h**3 - 6*h + 16*h. Let o(p) = -7*i(p) - 3*j(p). Is o(-6) composite?
False
Let q be -1 + (-4)/((-8)/(-250)). Let i = q - -1288. Suppose -3*y + i = -y. Is y a composite number?
True
Let j(n) = -n**2 + 11*n + 4. Let g be j(11). Suppose 0 = -g*c - c + 1445. Is c a prime number?
False
Suppose 0 = -21*i + 42*i - 71169. Is i a composite number?
False
Let o(f) = 3*f + 6 - 5*f - 6*f**2 + 3*f**2 + 2*f**2. Let u be o(0). Suppose -3*q = -p + 713, 4*p - q - 2818 = -u*q. Is p a prime number?
False
Suppose -8*o - 20442 = -14*o. Is o composite?
False
Let s(f) = 8*f**3 + 5*f**2 - 7*f - 1. Is s(7) a prime number?
True
Let h = 4689 + -2125. Suppose -3*b - 2*f + 3846 = 0, 0*b - 2*f + h = 2*b. Is b prime?
False
Suppose -3*d + 5*z = -71, 0 = -4*d + 3*z - 10 + 101. Is (d + -2)*177/12 composite?
True
Suppose 0 = -3*w - 0*w + 9. Suppose 4*u - 5*b + 416 = -581, 0 = -w*u + 4*b - 747. Let t = 650 + u. Is t a prime number?
True
Let d = -1742 - -3681. Is d a composite number?
True
Let y = -8283 + 12142. Is y a prime number?
False
Suppose -4*t - 5*r + 15 = 0, 5*t = -6*r + 3*r + 22. Let a be 124/(-10) - (-2)/t. Is 150 - 4*(-3)/a a prime number?
True
Let g(r) = -r**3 + 11*r + 3. Let n be (9/2)/((-14)/(-4) - 4). Is g(n) composite?
True
Suppose 0*a - 9*a - 10017 = 0. Let z = a + 2326. Is z a composite number?
False
Suppose -b - 24 = -5*b. Suppose 0*a = a - b. Let r(n) = 28*n - 5. Is r(a) a prime number?
True
Let v(x) = 178*x**3 - x**2 - x + 1. Let j = -20 + 18. Let d be v(j). Let o = 2260 + d. Is o a composite number?
True
Let m(x) = -290*x**3 - x**2 + 2. Let o be m(1). Let t = 438 + o. Is t a composite number?
False
Let x(l) = 8*l**3 - 20*l**3 - 5*l + 1 - l**3 + 6*l**2. Is x(-5) composite?
False
Let v be (-1 + 2 + -94)*1. Let i = -557 + 337. Let p = v - i. Is p composite?
False
Let d(h) = h**2 - 7*h - 9. Let n be d(8). Let f be -2 + (-3)/n + -1. Suppose -2*a + 4*a - 46 = f. Is a a prime number?
True
Let d(l) = 24*l**2 + 4*l - 5. Let o be -1 + 1 + -4 + 8. Is d(o) composite?
True
Let n = -17748 + 30221. Is n a composite number?
False
Suppose -1625 = -14*b + 9*b. Suppose b = -t - 4*c - 114, -c - 1262 = 3*t. Let w = t + 714. Is w prime?
False
Let g(v) = -2*v**3 - 11*v**2 + 9*v + 1. Let l(q) = q**3 + 6*q**2 - 40*q - 9. Let u be l(-10). Is g(u) a prime number?
True
Let q(t) = -t**3 - 3*t**2 + t + 5. Let v be q(-9). Let z = -279 + v. Is z composite?
True
Suppose -455 = b + 277. Let j = -488 - b. Suppose -3*f + j = -182. Is f a composite number?
True
Let n = 6 - 2. Suppose 2*x = 3*x, -5*x + 495 = 5*z. Suppose -z - 85 = -n*y. Is y composite?
True
Let s be (124/8 + -3)*-6. Let x = 36 - s. Let w = 52 + x. Is w prime?
True
Let h(v) = -v**2 + 16*v - 31. Let d be h(14). Let k be d - 1 - 4*-2. Suppose j - 790 = -k*j. Is j composite?
True
Let l(t) = 6*t. Let f be l(1). Suppose -3*p = -0*p - f. Suppose p*y = 2*d - 1410, 0 = d - y + 3*y - 693. Is d a composite number?
False
Suppose 9 + 11 = -4*p, -5*p = 5*t + 60. Let i(v) = -2*v**3 - 3*v**2 - 10*v - 6. Let l be i(t). Let u = l - 416. Is u prime?
False
Let a = -70 - 4. Suppose 2*h + 4*c = 266, c = -2*h + 253 + 4. Let b = h + a. Is b prime?
True
Let j(i) = i**3 - 2*i**2 + 2*i + 2. Let d be j(3). Is d*12 + 0 - 3 a composite number?
True
Suppose 2*i + 7 - 15 = 0. Suppose -i*w + 0*k + 5688 = 4*k, -5693 = -4*w + k. Is w a composite number?
False
Suppose 9*q - 4*q = 25. Suppose 3*x - q*x + 1506 = 0. Is x prime?
False
Let r = -636 + 404. Let h = r - -365. Is h prime?
False
Let d = 9872 - 4291. Is d a composite number?
False
Let t = 2768 - 189. Is t a prime number?
True
Let q = 30146 + -6631. Is q composite?
True
Let x(v) = v**3 - 13*v**2 - 13*v - 11. Let j be x(14). Suppose 0 = 2*z -